factors of w.
2, 3
Let l be (-3)/((-15)/18 + 1/3). Let r be 3/l*(0 - 2) - -367. Suppose 66 - r = -2*c. List the prime factors of c.
2, 3, 5
Let u(i) = 3*i**2 - 14*i - 11. Let g be u(5). Let d be (-21*2/g)/(-2 - -3). Suppose -17*c = -d*c - 2810. What are the prime factors of c?
281
Suppose -2*m = 61 - 79. Let z(l) = 2*l**3 - 9*l**2 - 8*l - 2. List the prime factors of z(m).
5, 131
Let g = 369 + 491. List the prime factors of g.
2, 5, 43
Let s(x) be the first derivative of x**6/360 + x**5/15 - 5*x**4/24 - 10*x**3/3 + 1. Let b(w) be the third derivative of s(w). List the prime factors of b(-9).
2
Let q be (1/(-2))/((-9)/72*2). Suppose r + 280 = q*n, -4*r + 16 + 133 = n. List the prime factors of n.
3, 47
Let q = 22127 - 9259. What are the prime factors of q?
2, 3217
Let b(c) = c**2 - 27*c + 98. Suppose -11*t + 10*t - 39 = -w, -4*w + 146 = t. List the prime factors of b(w).
2, 3, 13
Suppose 0 = -3*s - 3*z + 18795, 4*s + 2*z = 4*z + 25036. What are the prime factors of s?
3, 2087
Let x(m) = -24*m**2 - 215*m + 11. Let w be x(-9). Suppose -2*o - i - w*i = -2463, 5*o + 5*i = 6170. What are the prime factors of o?
3, 7, 59
List the prime factors of ((-458)/(-102))/((-23)/(-2070)) - 6/51.
2, 101
Let m be (1 + 2 - 10)*-1. Suppose 5*n - 2*f = 0, -3*f + 14 = -3*n + f. Suppose 6*k - m*k + n*i = -122, 3*k - i = 361. List the prime factors of k.
2, 3, 5
Let c be (-45)/30*8/6. Let m(v) = 147*v**2 + 2*v + 9. Let o be m(c). Suppose -11*k = -o - 221. What are the prime factors of k?
2, 37
Suppose -9*f - 297 = -12*f. Suppose 240 = 7*m - 2*m + 5*w, 2*m + 5*w - f = 0. Let b = -45 + m. List the prime factors of b.
2
Suppose -7*b = -3*d - 3*b + 1720, 5*d = -b + 2859. Let o = -176 + d. What are the prime factors of o?
2, 3, 11
Let y = -5721 + 10449. Suppose y = 2*q + 2*q. List the prime factors of q.
2, 3, 197
Suppose -k + m + 17116 = 0, k + 2*m - 1167 = 15931. What are the prime factors of k?
2, 5, 29, 59
Let w = -10556 - -32273. What are the prime factors of w?
3, 19, 127
Suppose 12633 = 6*g - 5415. Suppose -4*j = 5*h - g, 4*j + 3*h + 929 = 3929. List the prime factors of j.
3, 83
Let b(y) = y**3 + 5*y**2 + 4*y + 4. Let f be b(-4). What are the prime factors of ((-2)/f)/((-4246)/(-1416) + -3)?
2, 3, 59
Suppose 3161 - 3146 = 5*w. Suppose 2*o = 10, -w*q + 5783 = 4*o + 1458. What are the prime factors of q?
5, 7, 41
List the prime factors of (-8)/((-144)/114)*2508.
2, 11, 19
Let w(d) = 18*d**2 - 308*d - 147. List the prime factors of w(34).
23, 443
Let i = -133 - -133. Suppose -w + i*w = -24. What are the prime factors of w?
2, 3
Suppose 2*q = -2*u - 24 - 80, -5*u + 2*q = 274. List the prime factors of 100*(1 - u/10).
2, 5
Let p(o) = 92*o**3 + o**2 - o + 4. Let n be p(2). Suppose -7*h + 4*h - n = -2*b, -2*h = 4*b - 1468. List the prime factors of b.
2, 23
List the prime factors of 152/(-6)*(-7 + -84)*558/124.
2, 3, 7, 13, 19
Suppose 5*v - 4*w + 0*w + 2 = 0, 0 = 2*v - w - 1. Suppose 0 + 2 = v*a. List the prime factors of (-1)/(a - 34/33).
3, 11
Let a(w) = w**2 - w - 6. Suppose 9*v - 20 = 5*v. Let y be a(v). Suppose 124 = -y*c + 15*c. What are the prime factors of c?
2, 31
Let w(a) = a**2 + 4*a - 2. Let u be w(6). Suppose 3*m + 12 = 0, -121*v = -123*v - 2*m - 4. Suppose 82 + u = v*r. What are the prime factors of r?
2, 5, 7
Let h(j) = 7*j + 5 + j**2 - 39*j**2 - 9*j**2. Let d be h(-1). Let t = d - -141. List the prime factors of t.
2, 23
Suppose 1098 = -13*s + 7*s. Let j = s - -187. List the prime factors of j.
2
Let c = 61524 - 31046. List the prime factors of c.
2, 7, 311
Suppose -3*t - 383250 = 10*x - 16*x, 2*t - 255476 = -4*x. List the prime factors of x.
2, 499
Let h be (8/(16/373))/(2/8). Suppose 19*r = 20*r - h. What are the prime factors of r?
2, 373
Suppose -114*c + 3*n = -122*c + 152680, -3*c + 4*n = -57255. List the prime factors of c.
5, 11, 347
Suppose -t - 12 - 28 = 2*k, 106 = -5*k - 4*t. Let r be (-22)/(-6) - (-12)/k. Suppose 0 = 2*l - 3*c - 18, l - r*c - 4 - 2 = 0. What are the prime factors of l?
2, 3
Suppose -18*n = -12*n - 10212. Suppose n = 4*r - 2*b, 14*r = 13*r - b + 424. What are the prime factors of r?
5, 17
Suppose -3*i = 2*j - 1638, -51*i = 5*j - 48*i - 4104. List the prime factors of j.
2, 3, 137
Suppose 0 = -97*x + 57*x + 133920. List the prime factors of x.
2, 3, 31
Let b be 6 + -5 - ((-1 - 1) + 1). Suppose -2*q = -6*q + b*s - 1110, -q - 281 = -4*s. Let h = -123 - q. List the prime factors of h.
2, 7, 11
Let s be (-1)/(2/9)*(-4)/3. What are the prime factors of 574*(-3)/(-12) + 3/s?
2, 3
Suppose -167*z = -168*z + 9608. What are the prime factors of z?
2, 1201
Suppose 103*h - 1224 = 111*h. Let l = h - -299. What are the prime factors of l?
2, 73
Suppose -5*q - 7 = -4*h, 3*h = q + 3*q + 5. Suppose g + 2 = h*z + 6*g, -g = -z + 14. Suppose 66 = z*w - 6*w. What are the prime factors of w?
2, 11
Let y be (7 - 10)/(2/2). Suppose 0 = -4*t - t - 5*q + 345, -5*q = t - 77. Let c = y + t. List the prime factors of c.
2
Let k(r) = -4*r**3 + r**2 + 7*r + 2. Let w(u) be the first derivative of -u**2 - 39*u - 5. Let n be w(-18). What are the prime factors of k(n)?
2, 7
Let f(w) = w**3 - 19*w**2 - 40*w - 21. Suppose 0 = p - c - 22, -4*p - c + 16 = -72. List the prime factors of f(p).
19, 29
Let q = -29027 - -64074. What are the prime factors of q?
101, 347
Let h(i) = -89 + 5 + 4 + 18*i. What are the prime factors of h(8)?
2
Suppose 354200 = 1523*x - 1503*x. List the prime factors of x.
2, 5, 7, 11, 23
Let d be ((-846)/(-4))/((-1)/(-2)). Suppose -271*n + 35 = -264*n. Suppose 5*m - n*b - d = m, 6 = -2*b. What are the prime factors of m?
2, 3, 17
Suppose -3*v + 36153 = -3*r, 3*v - r = -2*v + 60267. What are the prime factors of v?
2, 3, 7, 41
Let n = 23474 - 1806. What are the prime factors of n?
2, 5417
Let n = -135 + 78. Let s = n + 691. List the prime factors of s.
2, 317
Let u = 30151 + -17524. List the prime factors of u.
3, 23, 61
Let j be 8832 - -2*(11/2)/(-11). Suppose -19*h + j + 4583 = 0. What are the prime factors of h?
2, 353
Suppose -2*c - 13 = -5. Let b be 4*-1*2/c - 0. Suppose 4*j = 5*z + 63, b*j + 2*z - 59 = -z. What are the prime factors of j?
2, 11
Suppose -95855 = 57*p - 62*p. What are the prime factors of p?
19, 1009
Suppose 0 = 59*h - 120*h + 76*h - 680040. What are the prime factors of h?
2, 3, 1889
Suppose k + 0*k + 4 = 2*p, 3*p + 4*k - 17 = 0. Suppose -t - 3*t + 2013 = -3*v, -4*v - 1508 = -p*t. List the prime factors of t.
2, 3, 7
Suppose 5*c - 118 - 22 = 3*n, c = 3*n + 136. List the prime factors of 10*18/n + 2 + 576.
2, 7, 41
Let p be 12/10*60/(-18) - 0. Let b(c) = -c**2 - 11*c - 18. Let i be b(p). Suppose i*o - 2313 = -733. List the prime factors of o.
2, 79
Let d(r) = r**3 + 53*r**2 + 81*r + 3. What are the prime factors of d(-48)?
3, 5, 509
Let d(m) = 0*m + 11 - 2*m + 1. Let b be d(8). What are the prime factors of 22 + -1 - (b - 0)?
5
Suppose -7*b + 30113 - 7209 = 0. List the prime factors of b.
2, 409
Let l(v) be the third derivative of 443*v**4/12 - 40*v**3/3 - 2*v**2 - 71. What are the prime factors of l(2)?
2, 3, 47
Let f = -106 + 122. Suppose 25*b = 24*b - f. Let i(m) = m**2 + 14*m - 2. What are the prime factors of i(b)?
2, 3, 5
Let w = -110 - -112. Suppose -4*l = -4, 4*j - 985 = l - w*l. What are the prime factors of j?
2, 3, 41
Let d(p) = -p**3 - 9*p**2 - 11*p - 35. Let u be d(-8). Let c(t) = 5*t**2 + 15*t + 1. What are the prime factors of c(u)?
3, 7
Let s = 41 + -18. Suppose -s*x + 150 = -22*x. List the prime factors of x.
2, 3, 5
Let t(u) = -12*u - u**2 + 5 - 4*u**2 + 4*u**2 + 20. Let k be t(-13). List the prime factors of 122 + -2 + k/2.
2, 3, 7
Suppose 2*z + 0*i + 4*i + 464 = 0, 0 = -i - 1. Let q be (-9 + z)*(-4 + 2 + 1). Suppose 4*c - 5*x - q = -4, 0 = -3*x + 15. What are the prime factors of c?
5, 13
Suppose -38*g + 38*g = 109*g - 1220691. What are the prime factors of g?
3, 3733
What are the prime factors of -10 + 24690 + 15 + -12 + 3?
2, 12343
Suppose c + 4 = 0, 2*h - 95*c = -100*c + 7404. What are the prime factors of h?
2, 29
Suppose 31*b = 39*b - 9184. Suppose -2*g - 1124 = -2*y, b = -12*y + 14*y + 4*g. List the prime factors of y.
2, 283
Suppose 68*l + 3*l - 9514 = 0. Let z(k) = -8*k**2 + 5*k + 2. Let o be z(-3). Let j = l + o. What are the prime factors of j?
7
Suppose 4*o - o = 6. Let c be -5 + -6 + (19 - 3